s(f) = 17*f - 3. What is s(2)?
31
Let w(g) = g**2 + 6*g + 6. Give w(-5).
1
Let y(q) = q**2 + 34*q + 70. Give y(-32).
6
Let l(d) = 9*d + 55. What is l(-5)?
10
Let t(a) = 6*a + 62. Give t(-12).
-10
Let h(y) = -y**3 + 3*y**2 + 2*y - 7. Calculate h(3).
-1
Let r(b) = b**3 - 9*b**2 - 69*b + 7. What is r(-5)?
2
Let z(u) = 9*u - 1. Determine z(-1).
-10
Let f(k) = -15*k - 111. Calculate f(-6).
-21
Let k(f) = f**2 + 10*f - 6. Calculate k(-13).
33
Let c(z) = -11*z + 4. What is c(8)?
-84
Let h(d) = 2*d**2 + 10*d + 5. Give h(-5).
5
Let l(i) = -2*i**2 + 13*i - 8. Calculate l(6).
-2
Let h(s) = s**3 + 11*s**2 + 7*s - 9. Calculate h(-7).
138
Let c(h) = -24*h - 85. Give c(-5).
35
Let c(h) = 10*h + 2. What is c(3)?
32
Let y(k) = -18*k**2 + 129*k - 16. What is y(7)?
5
Let o(w) = -2*w**3 - 4*w**2 - 7*w - 9. Calculate o(-4).
83
Let c(q) = -q**3 + 9*q**2 + 12*q + 28. Give c(10).
48
Let f(b) = -b + 32. Calculate f(0).
32
Let k(q) = -5*q - 1. Determine k(0).
-1
Let b(g) = 4*g + 9. Determine b(7).
37
Let b(o) = -11*o - 92. What is b(-9)?
7
Let n(x) = -2*x**3 + 9*x**2 - 8*x + 11. Calculate n(4).
-5
Let l(q) = 2*q - 16. What is l(0)?
-16
Let o(m) = 6*m. Give o(1).
6
Let j(x) = 12*x. Determine j(-1).
-12
Let b(c) = -3*c**2 - 10*c - 27. Give b(-5).
-52
Let w(u) = -u - 10. What is w(-17)?
7
Let f(c) = c - 5. What is f(-4)?
-9
Let h(c) = -c**3 - 14*c**2 + 3*c + 19. Give h(-14).
-23
Let a(v) = -v**3 - 6*v**2 + 10. What is a(-5)?
-15
Let d(o) = -o - 2. Calculate d(1).
-3
Let y(r) = -r**3 - 9*r**2 + 9*r + 15. What is y(-9)?
-66
Let g(w) = w**2 - 5*w + 5. Determine g(4).
1
Let s(d) = -d**3 + 11*d**2 - 10*d - 26. Give s(9).
46
Let l(z) = z**2 + 8*z - 301. Determine l(14).
7
Let l(b) = -7*b**2 - 2*b - 9. Calculate l(-3).
-66
Let d(b) = 4*b**3 - 3*b**2 + 3*b + 4. Give d(3).
94
Let x(l) = -l**2 - 3*l + 2. Determine x(-5).
-8
Let d(s) = -s + 7. Determine d(8).
-1
Let w(a) = -a - 1. Give w(0).
-1
Let w(h) = h**3 - 21*h**2 + 4*h - 35. Determine w(21).
49
Let o(w) = -w**3 - 9*w**2 - 11*w - 10. Calculate o(-7).
-31
Let r(a) = -a**3 - 10*a**2 - 9*a + 10. Give r(-9).
10
Let c(b) = -5*b**2 - 40*b + 3. Calculate c(-8).
3
Let p(y) = y**3 - 7*y**2 - 4*y + 1. Calculate p(8).
33
Let u(b) = 58*b + 1. Calculate u(1).
59
Let w(y) = 4*y**3 + y**2 + y - 2. Give w(1).
4
Let k(n) = 2*n - 2. Calculate k(-1).
-4
Let x(r) = 33*r**2. What is x(1)?
33
Let q(d) = -d**3 + 6*d**2 + 5*d + 6. Determine q(7).
-8
Let n(j) = -37*j**3 - 1. What is n(1)?
-38
Let t(f) = -f**2 + 4*f + 10. Give t(6).
-2
Let j(z) = -z**3 + 13*z**2 - 19*z + 13. What is j(12)?
-71
Let t(l) = l**2 - 11*l - 7. What is t(6)?
-37
Let l(k) = -k**3 + 15*k**2 - 15*k + 13. Calculate l(14).
-1
Let z(g) = -g**2 - 10*g - 16. What is z(-9)?
-7
Let t(u) = u**3 + 9*u**2 - 8*u + 4. Calculate t(-10).
-16
Let v(m) = m**2 - 8*m + 14. Calculate v(6).
2
Let a(m) = -m**2 - 13*m - 8. Calculate a(-9).
28
Let k(f) = 4*f**2 + 25*f - 5. What is k(-6)?
-11
Let m(q) = -3*q**2 - 3*q - 4. What is m(3)?
-40
Let k(b) = b**3 + 11*b**2 + 10*b + 5. Determine k(-10).
5
Let l(d) = 46*d**3 - d**2 - 2*d - 2. Give l(-1).
-47
Let z(i) = i**3 + 7*i**2 + 8*i + 4. Give z(-5).
14
Let j(c) = -62*c + 8. What is j(1)?
-54
Let l(h) = -3*h**3 + h**2 - h. Determine l(1).
-3
Let x(a) = 76*a - 5. Give x(1).
71
Let z(v) = -2*v - 4. Give z(-2).
0
Let s(k) = k**3 + 30*k**2 + 32*k + 91. What is s(-29)?
4
Let b(a) = -2*a**3 - 3*a**2 - 2*a - 1. What is b(-3)?
32
Let r(j) = -j - 5. Calculate r(7).
-12
Let y(j) = -9*j**2 + 33*j + 10. What is y(4)?
-2
Let b(u) = -3*u**3 + 4*u**2 - 7*u + 5. What is b(2)?
-17
Let f(q) = q + 25. Calculate f(-19).
6
Let h(i) = 2*i - 20. What is h(7)?
-6
Let f(o) = o**2 - 13*o + 20. Determine f(13).
20
Let b(t) = t**3 - 11*t**2 + t + 2. Determine b(11).
13
Let c(b) = -b**3 - 53*b**2 - 52*b - 3. Give c(-52).
-3
Let h(c) = c**2 - 11*c - 36. What is h(12)?
-24
Let z(f) = f**3 - f**2 - f. Give z(-1).
-1
Let n(z) = -z**2 + 6*z + 4. What is n(8)?
-12
Let o(y) = -y**2 - y + 4. Determine o(0).
4
Let t(q) = -q**3 + 10*q**2 - 16*q + 4. Calculate t(8).
4
Let d(r) = -r**3 + 6*r**2 - 6*r + 4. What is d(3)?
13
Let a(v) = -2*v + 11. What is a(12)?
-13
Let u(t) = -42*t - 21. Determine u(-3).
105
Let k(g) = -44*g + 15. What is k(-1)?
59
Let y(f) = -f**2 - 15*f - 4. Give y(-18).
-58
Let m(t) = t**3 + 15*t**2 + 15*t + 12. What is m(-14)?
-2
Let n(u) = -15*u - 62. Calculate n(-5).
13
Let a(s) = -s**3 + 3*s**2 - 2*s + 3. What is a(4)?
-21
Let k(t) = 11*t - 1. Calculate k(0).
-1
Let r(k) = -3*k + 8. Calculate r(3).
-1
Let l(n) = 2*n**2 + 11*n + 9. What is l(-5)?
4
Let t(o) = 21*o**2 + 1. Determine t(-1).
22
Let i(p) = -p**3 + 4*p**2 + 4*p - 3. Determine i(4).
13
Let v(n) = -2*n**2 - 32*n - 118. What is v(-10)?
2
Let k(r) = 2*r**3 - 2*r**2 - 4*r. What is k(3)?
24
Let u(r) = -r**3 - 29*r**2 + 32*r + 52. Determine u(-30).
-8
Let j(o) = -2*o**3 + 41*o**2 - 20*o - 7. Calculate j(20).
-7
Let u(c) = 5*c - 70. Determine u(15).
5
Let c(m) = -204*m - 812. Calculate c(-4).
4
Let r(j) = 36*j - 566. Calculate r(16).
10
Let y(d) = -d**3 + 7*d**2 - 5*d + 10. Determine y(6).
16
Let a(f) = -2*f**3 - 7*f**2 + 17*f + 8. Determine a(-5).
-2
Let h(t) = -14*t + 120. Determine h(10).
-20
Let f(z) = -20*z + 7. What is f(-4)?
87
Let o(n) = n**3 + 6*n**2 - 6*n + 5. Give o(-7).
-2
Let q(z) = 30*z + 263. Determine q(-9).
-7
Let z(d) = -6*d - 1. Give z(1).
-7
Let h(t) = -2*t**3 + 48*t**2 + 42*t + 205. Calculate h(25).
5
Let m(x) = -x**3 - 6*x**2 - 4*x. Determine m(-5).
-5
Let g(z) = 5*z - 91. Calculate g(16).
-11
Let s(w) = -24*w - 40. Calculate s(-3).
32
Let c(w) = -2*w**3 - 9*w**2 + 6*w + 10. What is c(-5)?
5
Let n(t) = -t**3 + 12*t**2 - 23*t + 7. Determine n(7).
91
Let k(z) = z**2 - 5*z - 8. What is k(-4)?
28
Let x(w) = -w**2 + 9*w - 9. Calculate x(4).
11
Let w(u) = -u**3 - u**2 - u + 6. Give w(0).
6
Let k(s) = -2*s**2 + 2*s + 3. What is k(-3)?
-21
Let n(a) = -a - 6. What is n(-6)?
0
Let m(w) = 22*w - 222. Calculate m(10).
-2
Let u(x) = x**3 + 6*x**2 - 5*x - 5. Give u(-6).
25
Let d(g) = -15*g + 129. What is d(9)?
-6
Let z(w) = -w**3 + 6*w**2 - 2*w + 34. Give z(6).
22
Let w(u) = u**3 + 9*u**2 + 6*u - 3. What is w(-8)?
13
Let w(f) = f + 17. Determine w(-6).
11
Let a(n) = 10*n + 204. Calculate a(-24).
-36
Let t(s) = 3*s + 42. Calculate t(-18).
-12
Let d(c) = -7*c**3 - 6*c**2 + 2*c + 1. Determine d(-2).
29
Let y(h) = -h**3 + 6*h**2 - 3*h - 5. Give y(5).
5
Let s(c) = -c**3 - 4*c**2 + 3*c + 25. Give s(-3).
7
Let h(k) = -195*k + 583. Give h(3).
-2
Let i(m) = -16*m - 254. Give i(-16).
2
Let k(q) = q**2 - 7*q + 4. What is k(8)?
12
Let s(r) = r**2 - 19*r + 36. Give s(11).
-52
Let t(g) = -g**3 + 12*g**2 + 28*g + 7. Calculate t(14).
7
Let i(m) = 3*m + 125. Give i(-32).
29
Let c(s) = s**2 + 24*s - 759. Calculate c(18).
-3
Let w(p) = 3*p + 18. What is w(-11)?
-15
Let q(m) = -m + 4. What is q(4)?
0
Let b(m) = 2*m**2 - 48*m + 47. What is b(23)?
1
Let m(o) = o**2 - 12*o - 11. Calculate m(11).
-22
Let l(y) = y**2 + 61*y + 661. Calculate l(-47).
3
Let o(z) = z**2 + 5*z - 11. Calculate o(-6).
-5
Let r(i) = 2*i**3 - i**2 - 3. Determine r(-2).
-23
Let d(n) = -n**3 + 9*n**2 - 12*n + 28. Determine d(8).
-4
Let v(r) = r**2 + 5*r - 20. Give v(-8).
4
Let j(h) = h**3 + 5*h**2 + 3*h + 1. Calculate j(-5).
-14
Let s(t) = t**3 + t - 8. Give s(0).
-8
Let q(f) = 9*f + 208. Calculate q(-19).
37
Let g(d) = -5*d + 67. Give g(12).
7
Let s(f) = -f**2 + 16*f - 3. What is s(16)?
-3
Let j(h) = -h**2 + 4. What is j(-7)?
-45
Let t(u) = u**2 + 7*u + 15. Determine t(-5).
5
Let o(g) = -6*g**2 + 5*g - 6. Give o(1).
-7
Let f(r) = -4*r**2 + r - 1. What is f(-1)?
-6
Let z(b) = 2*b**2 + 6*b - 80. Calculate z(5).
0
Let t(k) = 2*k**3 - 47*k**2 + 25*k - 48. Determine t(23).
-2
Let t(s) = -s - 5. Give t(-4).
-1
Let q(z) = 5*z**2. What is q(-1)?
5
Let t(y) = -2*y**2 + 13*y - 41. Give t(6).
-35
Let v(u) = 18*u**3 - 2*u**2 - u. Determine v(-1).
-19
Let a(p) = -3*p - 45. Calculate a(-5).
-30
Let m(c) = -c. Determine m(3).
-3
Let o(h) = -h**3 - 11*h**2 - h - 6. Determine o(-11).
5
Let b(i) = -i**3 - 3*i**2 + 4. Determine b(-3).
4
Let m(d) = -d**3 + 6*d**2 + 5*d - 4. Give m(4).
48
Let a(u) = u**2 - 43*u - 142. Determine a(46).
-4
Let x(u) = -u**2 - 3. What is x(2)?
-7
Let a(d) = -4*d + 36. Determine a(6).
12
Let t(m) = -7*m - 82. What is t(11)?
-159
Let m(w) = -w**3 + 28*w**